i, 0 = 3*c + 3*i - 0*i - 1401. Suppose 5*g = -4*z - 181 + 553, c = 5*z + 2*g. List the prime factors of z.
3, 31
Suppose 25 = -5*d - 60. Let s(q) = -q**3 + 6*q**2 + 6*q + 10. Let v be s(6). Let h = d + v. List the prime factors of h.
29
Suppose 2*q + 2*a = -a + 21, -4*a + 20 = 0. Suppose -97 = -q*g + 2*g. What are the prime factors of g?
97
Suppose -3817 = -8*u + 407. What are the prime factors of u?
2, 3, 11
Suppose -6*m = -3*m + 4*i - 10, 2 = 3*m - 4*i. Suppose 36 = m*t - 110. List the prime factors of t.
73
Let n(w) = -5*w**3 + 8*w**2 + 12*w + 5. Let x(r) = -r**3 + r**2 + r - 1. Let k(d) = -n(d) + 4*x(d). What are the prime factors of k(7)?
2, 41
Let a(z) = -150*z - 49. List the prime factors of a(-2).
251
Suppose -4 = -l - 0*l. Suppose p + 2 = l. Suppose 2*j + 5*m + p = 34, 5*m = 10. What are the prime factors of j?
11
Suppose 0 = -4*n + 6450 - 1806. List the prime factors of n.
3, 43
Let g be 7/((-63)/(-1578))*9/6. Let s = g + -156. List the prime factors of s.
107
Suppose 0 = -4*r + 9*u - 12*u + 12234, 0 = -4*r - 4*u + 12236. What are the prime factors of r?
3, 1019
Suppose 2*p = -5*s + 75, -4*s + 4*p + 37 = p. Suppose j + s + 7 = 0. List the prime factors of (41/(-4))/(5/j).
41
List the prime factors of ((-2802)/9)/(2 + 8/(-3)).
467
Suppose 0*r - 40 = -10*r. List the prime factors of 114 - (3 + r + -6).
113
Suppose 3*c + 6*c - 6*c = 0. Let f = 227 - c. List the prime factors of f.
227
Suppose 2 + 3 = c. Let f = 5 + c. List the prime factors of f.
2, 5
Let o(t) = 133*t - 321. What are the prime factors of o(13)?
2, 11
Let y = -463 - -798. Let v = -176 + y. Suppose -3*g - v = -4*q, 0*q + q = -5*g + 57. List the prime factors of q.
2, 3, 7
Let z(t) = -t**2 - 2. Let x be z(-3). Let k be -5 + 4 + (-1 + 4 - 4). List the prime factors of 22/x*7/k.
7
Let i(k) = -22*k**3 + k**2 - 2*k - 2. Let u(t) = -89*t**3 + 5*t**2 - 9*t - 9. Let z(c) = 9*i(c) - 2*u(c). Let a = 25 - 26. List the prime factors of z(a).
19
Let d(g) = -g**2 - 4*g + 11. Let u be d(-6). Let o be -4 + u + 4 + 3. What are the prime factors of -1*(-65)/o*2?
5, 13
Let q(k) = -2*k + 10. Let l be q(5). What are the prime factors of (l + -1 + -4)*-7?
5, 7
Let d(y) be the second derivative of -3*y + 1/2*y**3 + 5/2*y**2 + 0. What are the prime factors of d(4)?
17
Let i(x) be the second derivative of x**4/12 + 3*x**3 - 15*x**2/2 + 10*x. Let y be i(-19). List the prime factors of 16*((-5)/(-10) + y).
2, 3
Let k(f) = -f. Let r be k(-5). Let j = -8 + r. What are the prime factors of (j - -47)*10/8?
5, 11
Let d = -5 + 10. Suppose 3*c + 4*w + 22 = 5, 1 = 3*c - d*w. What are the prime factors of (12/10)/(c/(-45))?
2, 3
Let y = 6 + -1. Suppose 4*m - 2*r + 2 = 0, y*m + 10 + 5 = 5*r. List the prime factors of (-3)/(-6) + 39/m.
2, 5
Suppose -46 = 2*d + 318. Let c = 280 + d. Suppose 3*u = -2*b - 3*b + c, -5*b = -2*u - 118. List the prime factors of b.
2, 11
Let c(d) = 6*d**2 + 4*d + 1. Let g(v) = 5*v**2 + 3*v + 1. Let a(q) = -2*c(q) + 3*g(q). What are the prime factors of a(-2)?
11
Let v = -14 + 31. Suppose f + 2*f + 2*l + 36 = 0, 5*l = -2*f - 24. What are the prime factors of (-3)/((f/v)/4)?
17
Let d = -35 + 78. Let t = -20 + d. Let z = t - 0. List the prime factors of z.
23
Let l(g) = -90*g + 258. What are the prime factors of l(-4)?
2, 3, 103
Suppose -4*k = -4*q - 16, 5*k - 22 - 6 = -3*q. Suppose -20 = -5*u, 0 = 5*l + k*u - 838 + 288. What are the prime factors of l?
2, 53
What are the prime factors of 4/3*454362/164?
2, 1847
Suppose -v - 4*v - 110 = 0. Let r be v/(1 - (2 - 3)). Let w = 19 + r. List the prime factors of w.
2
Let h = -1137 + 533. What are the prime factors of (h/(-8) + (-1 - -2))*2?
3, 17
Let p(x) = x**2 + 1. Let k(s) be the second derivative of s**5/20 - s**4/4 + s**3/3 - 5*s**2/2 + 3*s. Let o(t) = k(t) + 4*p(t). List the prime factors of o(2).
3, 5
Let f = -7 + 12. Suppose -f*l = -l. Suppose l = 4*d - 4*o - 204, 0 = -2*d + 6*o - o + 87. List the prime factors of d.
2, 7
Suppose 4*j - 13 = 7. Suppose 3*y + t = 4*y - 88, 2*t + 440 = j*y. List the prime factors of y.
2, 11
Let b = 25 + -10. Suppose 11*j - 6*j = b. Suppose 2*m - 75 = j*o, -4*m + 4*o = -o - 147. List the prime factors of m.
3, 11
Let d = -369 - -642. Suppose -i + 263 = -0*t + 2*t, 2*t + 3*i = d. Suppose 0 = 3*o - 39 - t. What are the prime factors of o?
2, 7
Suppose -35 - 21 = 7*j. Let o(z) = z**3 - 6*z**2 + z - 5. Let x be o(6). What are the prime factors of x/(-2)*(j + 4)?
2
Let z be 3 - (2 + (-1)/1). Suppose -z*f - 14 + 22 = 0. List the prime factors of f.
2
Let v be 12/(-20) + 114/15. Let t(a) be the second derivative of a**4/12 - 2*a**3/3 + 9*a**2/2 + a. What are the prime factors of t(v)?
2, 3, 5
Let m = -2112 - -4472. List the prime factors of m.
2, 5, 59
Let p be (-2)/(2 + 96/(-45)). Suppose 0 = p*a - 448 - 737. List the prime factors of a.
79
Suppose -5*s + 158 = 4*q, 4*s - 133 = -q - 0*q. Suppose d + d - 3*v = 74, d - 3*v = s. What are the prime factors of d?
2, 5
Suppose 7*d = 711 + 10825. What are the prime factors of d?
2, 103
Suppose 393 = 2*r - 2*x + 157, x - 2 = 0. What are the prime factors of r?
2, 3, 5
Let r = 626 + 1290. List the prime factors of r.
2, 479
Let u be (-7)/28 + 21/4. Suppose t = -4*o + 12, 0*o + 4*t = u*o + 6. Suppose -3*d - 3*b + 5*b = -5, o*b - 5 = d. List the prime factors of d.
5
Let r be 1/2*2*47. Let m(y) = -y**2 + 8*y + 18. Let a be m(-2). Let l = r + a. List the prime factors of l.
3, 5
Let l(b) = -2*b**2 - 9*b + 7. Let q be l(-5). Suppose 0 + q = y, 0 = d + 3*y - 110. List the prime factors of d.
2, 13
Let d(a) = 35 - 4 - 12*a - 2. List the prime factors of d(-12).
173
Let c be -5 - -5 - (-2)/((-4)/(-6)). Suppose -c*a - 120 = -459. List the prime factors of a.
113
Suppose 0 = -12*f + 16*f - 76. Suppose 165 = 8*b - f. What are the prime factors of b?
23
Suppose 20*l - 350 = 19*l. List the prime factors of l.
2, 5, 7
Let l = -5 + 9. Let s = -2 + l. Suppose 4*y = -20, s*w + 17 = 4*y + 69. What are the prime factors of w?
2
What are the prime factors of (4 - 5)/1*-162?
2, 3
Let n(h) = 17*h + 8. Let i be n(-5). Let d = 367 + i. List the prime factors of d.
2, 5, 29
Suppose 3*p - 6*p = 0. Suppose -2*x - 3*a - 93 = 0, p = 4*a + 5 + 7. List the prime factors of x*((-2)/(-1) - 3).
2, 3, 7
Suppose 4*i - 63 = -3*h, h - 74 = -5*i + 2*h. Let g = i - 11. Suppose -2*s - g*f - 8 = 0, 2*s = -s - 2*f + 8. What are the prime factors of s?
2, 3
Suppose -5*r + 12 + 8 = 0. Let s(p) = 32*p + 5. What are the prime factors of s(r)?
7, 19
Suppose 5*d + r - 4*r - 18462 = 0, 2*r - 7388 = -2*d. List the prime factors of d.
3, 1231
Let l be (-234)/39 + -3*58. Suppose -v = 4*v + 125. What are the prime factors of (l/v)/((-6)/(-40))?
2, 3
Suppose 4*a = 5*a + 33. Let s = a - -9. Let g = -11 - s. List the prime factors of g.
13
What are the prime factors of (-1 - 6/(-9))/(50/(-316950))?
2113
Let f = 3945 + -1651. List the prime factors of f.
2, 31, 37
Let w(b) be the third derivative of b**5/20 - b**4/24 + 107*b**3/6 + 8*b**2. What are the prime factors of w(0)?
107
Let z(j) = 280*j**2 - 15*j + 11. List the prime factors of z(3).
2, 11, 113
Let r(v) = -v**3 + 8*v**2 - 6*v + 10. Suppose -2*d + 4*u + 33 = 3, -3*d = 2*u - 5. What are the prime factors of r(d)?
5, 11
Let a(m) = -m**3 - m**2 - 6*m - 3. What are the prime factors of a(-6)?
3, 71
Let c(d) = d**3 - 12. Let g be c(6). Suppose -a = 4*s + a - g, 3*s - 5*a - 153 = 0. What are the prime factors of s?
3, 17
Let h = -51 + 728. What are the prime factors of h?
677
Suppose 4*y - 514 + 138 = 0. Suppose 131 = 5*h - v - y, v + 5 = 0. List the prime factors of h.
2, 11
Let x be (1/(-1) - 3) + 2. Let g = 83 - 84. What are the prime factors of (0/x)/g - -18?
2, 3
Suppose 2*i + 2*f - 71 = i, 4*i - 298 = -f. What are the prime factors of 530/4*90/i?
3, 53
List the prime factors of (8 + -3)/15*3 + 1248.
1249
Suppose -3*b + 1709 = -5*v, 3*v = 4*v - 2. Suppose 6*n = 147 + b. List the prime factors of n.
2, 3, 5
Let l = -1819 - -3340. What are the prime factors of l?
3, 13
Suppose -665 + 1589 = 7*w. What are the prime factors of w?
2, 3, 11
Let y be 304/6*(-252)/(-24). Suppose 0 = -3*b + y - 163. Suppose -b = -3*q + 3. What are the prime factors of q?
2, 3, 7
Let j(o) = -o - 8. Let q be j(5). Let t = q + 19. List the prime factors of (-4)/t*(-900)/24.
5
Suppose 2*k = 